7*s, 5*u + 69 = 2*s. Suppose -3*k = -6*k + 5*r + 68, -k + s = -r. Calculate the highest common divisor of k and 168.
21
Suppose 14*u - 3125 = -395. Calculate the highest common divisor of u and 15.
15
Suppose 3*k - 20 = -2. Suppose b + 1 - 25 = 0. What is the greatest common factor of b and k?
6
Let u = -8 + 11. Let i(d) = -d**2 + 6*d + 7. Let y be i(7). Let w = u + y. Calculate the greatest common divisor of w and 27.
3
Let w = -5 + 35. Let f(g) = -2 + g**3 + 2 - 3 - 2*g**2 + 0*g**2. Let x be f(3). Calculate the highest common factor of w and x.
6
Suppose 0*y = y - 46. Suppose -3*t = u + 9 - 23, 0 = -5*u - 5*t + 100. What is the greatest common divisor of y and u?
23
Suppose -s = x + 3*x + 10, 9 = -3*x. What is the highest common factor of 4 and s?
2
Let u be -2 - (-17 - (-10)/(-5)). Calculate the highest common divisor of u and 68.
17
Suppose -x = -5*x + 176. What is the greatest common divisor of 66 and x?
22
Let f = 133 - 120. Let q be 130/4*(-2 + 4). What is the greatest common factor of f and q?
13
Let l(p) = p - 9. Let h be l(9). Let b be 16 + (h - 2) + -1. What is the greatest common divisor of 65 and b?
13
Suppose -2*r + 0*r + 5*v = -60, 3*v = -5*r + 119. What is the highest common factor of 5 and r?
5
Let h(z) = z**3 - 8*z**2 + 7*z - 9. Let r be h(7). Let a = 31 - r. What is the highest common divisor of 8 and a?
8
Suppose 5*x + 2*d - 163 = 0, -2*x = 7*d - 4*d - 63. What is the highest common divisor of x and 11?
11
Let i(j) = -j**2 - 8*j - 10. Let x be i(-7). Let h be (x/(-1))/((-6)/(-30)). What is the greatest common factor of h and 3?
3
Let d be 6*(-4)/8 - -1. Let h be d - -3 - (-2 - -2). Suppose 2*t + 2*c - 35 = -13, -13 = -3*t + c. Calculate the greatest common factor of h and t.
1
Let a(q) = -2*q + 8. Let m be a(-8). Suppose -n = 3*n - m. Let y = 6 - 2. Calculate the highest common factor of y and n.
2
Suppose 0*q - 87 = -3*q. Let k = q - 21. Let v(i) = -i**3 + 6*i**2 + i - 5. Let b be v(6). What is the highest common factor of k and b?
1
Let r be 8/18*-3*-3. Suppose 5*i + r*j - 57 = 0, 4*j + 15 = i + 2*i. What is the greatest common factor of i and 99?
9
Let t(s) = s**2 + 8*s - 8. Let b(f) = -3*f**2 + 2*f + 3. Let d be b(3). Let l = d - -9. Let w be t(l). What is the greatest common factor of w and 10?
1
Suppose -r = 4*q - 44, -2*q - 292 + 98 = -4*r. What is the greatest common divisor of 16 and r?
16
Let f(d) be the third derivative of d**6/20 - d**4/12 + d**3/3 + 5*d**2. Let h be f(1). Calculate the highest common factor of h and 42.
6
Let a(h) = 2*h**2 - 2*h - 2. Let n be a(2). Let x = n - 4. Let w be (54 + -2)/((-1)/x). Calculate the highest common divisor of w and 13.
13
Suppose -4*q + 8 = -0*q. Suppose -q*p + 41 = 7. Suppose 6*w = 4*w + 238. What is the greatest common divisor of w and p?
17
Suppose -7*b = -2*b. Suppose -2*g + b*g + 84 = 0. Calculate the highest common factor of 6 and g.
6
Let n(o) = 24*o - 5. Let i be (2*3)/(12/8). Let s be n(i). What is the greatest common factor of 13 and s?
13
Let n be (3 + (-5)/5)*(-1 - -2). Let v = -4 - -12. Calculate the highest common divisor of v and n.
2
Let r be ((-90)/8)/(27/72). Let p = r - -84. What is the greatest common factor of 18 and p?
18
Let u(d) = -d + 8. Let k be u(5). Suppose 2*b - k = 3. Suppose -b*y + 3 = -0*y. Calculate the greatest common divisor of y and 3.
1
Suppose -7*o + 4*o = -9. Suppose 42 + 0 = 2*v. Suppose 3*f = -2*h + 12, h = f + v - 5. Calculate the greatest common factor of o and h.
3
Let u = 27 + -15. Let m(q) = -3*q**2 + 0*q**2 + 5*q - 3*q**2 + q**3. Let z be m(7). What is the highest common divisor of z and u?
12
Let z = 29 + -3. What is the highest common divisor of z and 104?
26
Suppose k - 9 = 2*g, -2*k - 3*k = 5*g. Suppose 0 = k*w - 3 - 57. What is the greatest common factor of 40 and w?
20
Suppose 0 = -4*v + 27 + 33. What is the highest common factor of 10 and v?
5
Let q(f) = -f + 3. Let o be q(0). Suppose -7 = -o*h - 1. Let k be 1*(h/2 - -8). Calculate the highest common divisor of k and 27.
9
Suppose 56 = -4*y - 3*m + 3, -y - 5*m = 9. Let n be (-4)/y + (-388)/(-14). Let q = 145 + -103. Calculate the greatest common factor of q and n.
14
Suppose 0 = 5*y - 2*p + 762 - 180, 2*y = -2*p - 244. Let r = -73 - y. What is the greatest common factor of 5 and r?
5
Let k be 1 + (-3 - -2) - -4. Suppose w - 5 = 2*x, -k*x - x - w - 16 = 0. Let g = 23 + x. Calculate the highest common factor of g and 4.
4
Let w = -18 - -28. Let i be 0 - 0 - (-1 + 3). Let k be 1/(-3)*(-73 + i). Calculate the highest common divisor of w and k.
5
Let d be (16 - 9) + (-1)/(1 - 0). What is the greatest common factor of 54 and d?
6
Let p(w) = 105*w. Let y be p(3). Let r be (4/5)/(6/y). What is the highest common divisor of 14 and r?
14
Suppose h - 11 - 49 = 0. Calculate the greatest common divisor of h and 90.
30
Let p(f) = 6*f**3 - f**2 - f + 2. Let l be p(3). Let c be (76/20)/((-5)/(-25)). Calculate the greatest common divisor of c and l.
19
Let g be ((-6)/4)/((-1)/22). Calculate the highest common factor of g and 3.
3
Let z be (-6)/(-6)*(6 + -3) - -9. Let p(q) = 4*q**2 - 3*q - 7. Let w be p(-5). Calculate the highest common divisor of w and z.
12
Let z(i) = i**2 - 4*i + 1. Let n be z(-3). Let b = -10 + 43. Calculate the greatest common factor of b and n.
11
Let h(r) = r**3 + 5*r**2 - 7*r. Let q be h(-6). Let w = -3 + q. Calculate the highest common factor of w and 12.
3
Let p(z) = -z**2 + 10*z - 7. Let u be p(7). What is the highest common divisor of 112 and u?
14
Suppose 13 = -2*b + 43. Suppose -4*l = -4*i - 84, 3*l + 3*i - 39 = -0*i. Let k = l + -7. What is the greatest common divisor of b and k?
5
Suppose 0 = -4*y - k + 24 + 34, 5*y = 5*k + 60. Calculate the highest common factor of y and 42.
14
Suppose -8 = -4*z - 4*l, 0 = z + 4*l - 0 + 1. Suppose -5*g + z*p - 8*p = -100, 2*g + p = 40. Calculate the highest common factor of g and 100.
20
Let j(y) = -y + 18. Let t be j(8). Calculate the highest common factor of 20 and t.
10
Let v be (-1 - -137) + (-44)/11. Suppose -6*j - f + 47 = -2*j, 0 = 3*f + 3. What is the highest common factor of v and j?
12
Suppose o + 0 = 8. Let s(i) be the third derivative of -i**5/60 - i**4/4 + 4*i**3/3 - 2*i**2. Let v be s(-7). What is the highest common factor of v and o?
1
Let m(g) = 2*g**2 + 11*g - 16. Let u be m(-7). Calculate the greatest common factor of 25 and u.
5
Let q = 4 - 4. Suppose -4*b + 45 = a, q*b - 3*a - 5 = -2*b. Let n be (3/(-2))/(8/(-480)). What is the highest common divisor of n and b?
10
Let y = 612 + -333. Calculate the greatest common factor of y and 31.
31
Suppose 14*b - 463 = 83. What is the highest common divisor of 26 and b?
13
Let y = 0 + 8. Let f be (-44)/(-10) + y/(-20). Calculate the greatest common factor of 2 and f.
2
Let j(a) = a**3 + 6*a**2 - 5. Let g be j(-5). Let u(y) = y**3 + 20. Let p be u(0). Calculate the greatest common factor of g and p.
20
Suppose -6*j = -8*j + 90. Calculate the greatest common divisor of j and 30.
15
Let q(x) = -x**3 + 6*x**2 - 6*x + 5. Let c be q(4). Let b be (-4)/(-6) + c/3. What is the highest common factor of 40 and b?
5
Suppose 0 = 3*a - 4*w + 11, -a - a = 4*w - 6. Let p be a/(-2) + 1199/22. What is the highest common divisor of p and 11?
11
Suppose 2*p = -p + 15. Let v = p + -3. Calculate the greatest common factor of 10 and v.
2
Let d(a) = 1 + 2*a - 6 - 2. Let t be d(4). What is the greatest common factor of 4 and t?
1
Suppose 257 = 4*u - 2*l - 471, 3*u + l - 546 = 0. What is the greatest common factor of 26 and u?
26
Let r(n) = -n + 14. Let a(m) = 3*m - 29. Let z(i) = 2*a(i) + 5*r(i). Let l be z(0). Calculate the highest common factor of l and 8.
4
Suppose 4*u + 18 = -3*v - 2*v, -3 = u + 2*v. Let h(x) = x**2 + 7*x + 5. Let n be h(u). What is the highest common factor of n and 45?
5
Suppose -r = -5*o + r + 505, 4*o - 4*r = 416. Calculate the highest common divisor of 11 and o.
11
Let j = 20 + -14. Let l(w) = 3*w**3 - w**2 - 4*w + 3. Let a be l(2). Calculate the highest common divisor of j and a.
3
Let s = -34 + 47. Suppose 4 + 2 = 2*r. Suppose 0 = -0*z + r*z - 39. Calculate the greatest common divisor of z and s.
13
Suppose -3*d + w + 27 = 2, -d - 5*w - 13 = 0. Let s = 18 + d. Calculate the highest common divisor of s and 5.
5
Suppose 4*d = 4*y - 52, 0 = y - d - 3*d - 7. 